{"id":895,"date":"2021-03-24T23:22:55","date_gmt":"2021-03-24T23:22:55","guid":{"rendered":"https:\/\/seminterra.ch\/?page_id=895"},"modified":"2025-12-28T11:01:32","modified_gmt":"2025-12-28T11:01:32","slug":"faq-sulle-giornate-di-lavoro","status":"publish","type":"page","link":"https:\/\/seminterra.ch\/?page_id=895","title":{"rendered":"Giornate di lavoro per gli abbonati"},"content":{"rendered":"<h3>FAQ sulle giornate di lavoro per i soci con abbonamento<\/h3>\n<p><strong><span class=\"\">Ogni abbonamento stipulato implica un certo numero di giornate di lavoro (suddivise per praticit\u00e0 in mezze giornate) che il socio deve prestare in favore della Cooperativa. In questa pagina sono raccolte alcune domande frequenti sul tema. Le informazioni relative ai lavori sul campo per chi NON ha un abbonamento sono invece raccolte <a href=\"https:\/\/seminterra.ch\/?page_id=341\">in questa pagina<\/a>.<\/span><\/strong><\/p>\n<p>&nbsp;<\/p>\n<p><strong><span class=\"\">Come mi iscrivo?<\/span><\/strong><\/p>\n<p><span class=\"\">L\u2019iscrizione avviene tramite la pagina specifica nel portale dei soci, in cui sono segnalate le giornate di lavoro disponibili. Per accedere <strong><a href=\"https:\/\/soci.seminterra.ch\/\">al portale<\/a><\/strong> puoi diventare socio <strong><a href=\"https:\/\/seminterra.ch\/?page_id=710\">tramite questo link<\/a><\/strong>. Per pianificare al meglio i lavori \u00e8 importante rispettare i termini di iscrizione (che si chiude tre giorni prima della data in questione) ed \u00e8 fondamentale annunciare al pi\u00f9 presto eventuali assenze.<\/span><\/p>\n<p><strong><span class=\"\">Come avviene la giornata di lavoro?<\/span><\/strong><\/p>\n<p><span class=\"\">Presentandosi al campo all\u2019ora fissata troverai una persona responsabile che ti accoglier\u00e0 e che ti dar\u00e0 tutte le informazioni necessarie. Non \u00e8 necessario avere competenze specifiche e potr\u00e0 essere trovato un\u2019attivit\u00e0 adatta ad ogni persona (pf <strong><a href=\"https:\/\/seminterra.ch\/?page_id=918\">segnalateci<\/a><\/strong> eventuali problemi di salute, allergie, ecc.). La mezza giornata di lavoro dura 3.5 ore, l\u2019intera giornata 7, le pause non sono incluse in questo conteggio. Invitiamo a presentarsi sul campo circa 15 minuti prima dell\u2019orario fissato per avere il tempo di prepararsi.<\/span><\/p>\n<p><strong><span class=\"\">Dove ci si trova?<\/span><\/strong><\/p>\n<p><span class=\"\">Se non diversamente specificato, ci troviamo direttamente presso i campi di Seminterra, nella campagna di Gudo, in un\u2019area agricola ben preservata all\u2019interno del Parco del Piano di Magadino. I nostri campi sono situati a 10-15 minuti di cammino dalla Stazione FFS di Sant\u2019Antonino e sono facilmente raggiungibili in bicicletta tramite i percorsi ciclabili del Piano o altre strade agricole.<\/span><\/p>\n<ul>\n<li><a href=\"https:\/\/seminterra.ch\/?page_id=8\"><span class=\"\">Qui trovi tutte le informazioni per raggiungerci.<\/span><\/a><\/li>\n<\/ul>\n<p><strong><span class=\"\">Chi decide che cosa si fa?<\/span><\/strong><\/p>\n<p><span class=\"\">Ad ogni giornata di lavoro sar\u00e0 presente almeno un membro dell\u2019amministrazione della cooperativa che dar\u00e0 indicazioni precise sulle attivit\u00e0 da svolgere in base alle esigenze delle colture. Il contributo pratico pu\u00f2 avvenire in svariati ambiti: attivit\u00e0 sul campo, consegna di ceste di ortaggi, trasformazione di prodotti, lavori organizzativi e burocratici, aiuto all\u2019organizzazione di eventi di vario tipo e altre attivit\u00e0 necessarie al buon funzionamento della cooperativa. In primo luogo \u00e8 per\u00f2 richiesto un sostegno nella produzione e raccolta di ortaggi e altri prodotti vegetali e nella loro distribuzione. Il tipo di attivit\u00e0 deve essere concordato e approvato dall\u2019amministrazione. Contattaci se hai idee o esigenze specifiche!<\/span><\/p>\n<p><strong><span class=\"\">Posso fare pi\u00f9 mezze giornate di lavoro rispetto a quanto previsto nel mio abbonamento?<\/span><\/strong><\/p>\n<p><span class=\"\">Certo! Fino ad un certo limite (12 giornate totali), ogni giornata di lavoro eseguita potr\u00e0 servire ad abbassare il costo del tuo abbonamento, queste vanno per\u00f2 annunciate gi\u00e0 ad inizio anno. Ogni giornata supplementare d\u00e0 diritto a CHF 25.- di riduzione sul costo del proprio abbonamento. Sono naturalmente gradite anche giornate di lavoro volontario supplementari. Contattaci per stabilirle.\u00a0<\/span><\/p>\n<p><strong><span class=\"\">E se non posso o non voglio venire a lavorare?<\/span><\/strong><\/p>\n<p><span class=\"\">Peccato! Pensiamo che le giornate di lavoro siano un momento importante nella vita della Cooperativa. Per\u00f2 sappiamo anche che ognuno pu\u00f2 avere ragioni valide per non venire sul campo. Le mezze giornate di lavoro non eseguite ti vengono fatturare 30.- CHF con la prossima fattura.<\/span><\/p>\n<p><strong><span class=\"\">Le giornate sono cumulative?<\/span><\/strong><\/p>\n<p><span class=\"\">S\u00ec, se pi\u00f9 persone legate al medesimo abbonamento lavorano nello stesso momento possono cumulare il tempo di lavoro (per es. due persone che lavorano mezza giornata ciascuno per lo stesso abbonamento realizzano insieme una giornata intera). L\u2019unit\u00e0 minima calcolata resta comunque la mezza giornata.\u00a0<\/span><\/p>\n<p><strong><span class=\"\">Posso scegliere quando fare le mie giornate?<\/span><\/strong><\/p>\n<p><span class=\"\">Per permettere una buona organizzazione del lavoro, cerchiamo di offrire tramite il portale, almeno un giorno alla settimana per svolgere le proprie giornate. Occorre iscriversi alle giornate tramite il proprio account <a href=\"https:\/\/soci.seminterra.ch\/\"><strong>sul portale soci<\/strong><\/a>. I soci devono svolgere almeno la met\u00e0 del proprio contributo pratico tra maggio e agosto, ovvero durante il periodo pi\u00f9 intenso di lavoro. In caso di problemi organizzativi importanti siete pregati di <a href=\"https:\/\/seminterra.ch\/?page_id=918\"><strong>contattarci<\/strong><\/a> per trovare una soluzione alternativa.<\/span><\/p>\n<p><strong><span class=\"\">\u00c8 un lavoro duro?<\/span><\/strong><\/p>\n<p><span class=\"\">Le giornate di lavoro sono necessarie al buon funzionamento della Cooperativa e per garantire la produzione, per cui \u00e8 richiesta massima seriet\u00e0, impegno, senso di responsabilit\u00e0 e rispetto degli orari e delle consegne assegnate. Allo stesso tempo \u00e8 per\u00f2 importante mantenere un clima piacevole sul campo. Non preoccupatevi: sar\u00e0 divertente! Ogni persona parteciper\u00e0 a seconda delle proprie possibilit\u00e0 e capacit\u00e0.<\/span><\/p>\n<p><strong><span class=\"\">Devo essere esperto?<\/span><\/strong><\/p>\n<p><span class=\"\">Non \u00e8 necessario avere competenze particolari nel campo orticolo. Occorre per\u00f2 entusiasmo e curiosit\u00e0, l\u2019idea \u00e8 che ognuno possa imparare e scambiare esperienze e conoscenze. \u00c8 richiesto impegno e seriet\u00e0 e il rispetto delle consegne assegnate.<\/span><\/p>\n<p><strong><span class=\"\">Devo portare i miei attrezzi?<\/span><\/strong><\/p>\n<p><span class=\"\">Non \u00e8 necessario portare i propri attrezzi, abbiamo a disposizione tutto il necessario. Consigliamo \u2013 anche per motivi igienici \u2013 di portare i propri guanti da lavoro. Vi invitiamo ad avere cura degli attrezzi collettivi e riportarli in magazzino una volta terminato il proprio lavoro. Se ti fa piacere portare i tuoi attrezzi personali per\u00f2 non abbiamo nulla in contrario.<\/span><\/p>\n<p><strong><span class=\"\">Come mi vesto?<\/span><\/strong><\/p>\n<p><span class=\"\">Consigliamo un abbigliamento comodo, che si possa sporcare, e adatto al clima previsto per la giornata.<\/span><\/p>\n<p><strong><span class=\"\">E se piove?<\/span><\/strong><\/p>\n<p><span class=\"\">In linea di massima con tempo grigio e pioggia leggera \u00e8 comunque possibile lavorare. Se la situazione climatica non dovesse permettere di lavorare (precipitazioni importanti, neve, ecc.), la giornata sar\u00e0 annullata. Decisione di annullamento sar\u00e0 comunicata al pi\u00f9 presto (e almeno un paio di ore prima dell\u2019inizio dei lavori) via sms ai partecipanti iscritti.<\/span><\/p>\n<p><strong><span class=\"\">Devo essere assicurato?<\/span><\/strong><\/p>\n<p><span class=\"\">Ognuno provvede autonomamente ad assicurarsi per ogni possibile incidente, furto o altro danno legato all\u2019attivit\u00e0 di Seminterra. La cooperativa non si assume alcuna responsabilit\u00e0 nei confronti dei soci, dei volontari e dei visitatori.<\/span><\/p>\n<p><strong><span class=\"\">Altro:<\/span><\/strong><\/p>\n<p><span class=\"\">Altre informazioni organizzative generali (riguardanti bambini, pasti, bagni, cani e parcheggi) le trovi nelle nostre FAQ generali che <strong><a href=\"https:\/\/seminterra.ch\/?page_id=341\">ti invitiamo a leggere qui<\/a><\/strong><\/span><span class=\"\">. Per ogni domanda o richiesta rimaniamo volentieri a disposizione.<\/span><\/p>\n<p><a href=\"https:\/\/seminterra.ch\/wp-content\/uploads\/2025\/03\/aa9845ce-d8ad-0fc2-cc73-31556d287d44-scaled.jpg\"><img decoding=\"async\" class=\"aligncenter size-large wp-image-3147\" src=\"https:\/\/seminterra.ch\/wp-content\/uploads\/2025\/03\/aa9845ce-d8ad-0fc2-cc73-31556d287d44-1024x483.jpg\" alt=\"\" width=\"1024\" height=\"483\" srcset=\"https:\/\/seminterra.ch\/wp-content\/uploads\/2025\/03\/aa9845ce-d8ad-0fc2-cc73-31556d287d44-200x94.jpg 200w, https:\/\/seminterra.ch\/wp-content\/uploads\/2025\/03\/aa9845ce-d8ad-0fc2-cc73-31556d287d44-300x142.jpg 300w, https:\/\/seminterra.ch\/wp-content\/uploads\/2025\/03\/aa9845ce-d8ad-0fc2-cc73-31556d287d44-400x189.jpg 400w, https:\/\/seminterra.ch\/wp-content\/uploads\/2025\/03\/aa9845ce-d8ad-0fc2-cc73-31556d287d44-600x283.jpg 600w, https:\/\/seminterra.ch\/wp-content\/uploads\/2025\/03\/aa9845ce-d8ad-0fc2-cc73-31556d287d44-768x362.jpg 768w, https:\/\/seminterra.ch\/wp-content\/uploads\/2025\/03\/aa9845ce-d8ad-0fc2-cc73-31556d287d44-800x378.jpg 800w, https:\/\/seminterra.ch\/wp-content\/uploads\/2025\/03\/aa9845ce-d8ad-0fc2-cc73-31556d287d44-1024x483.jpg 1024w, https:\/\/seminterra.ch\/wp-content\/uploads\/2025\/03\/aa9845ce-d8ad-0fc2-cc73-31556d287d44-1200x566.jpg 1200w, https:\/\/seminterra.ch\/wp-content\/uploads\/2025\/03\/aa9845ce-d8ad-0fc2-cc73-31556d287d44-1536x725.jpg 1536w\" sizes=\"(max-width: 1024px) 100vw, 1024px\" \/><\/a><\/p>\n","protected":false},"excerpt":{"rendered":"<p>FAQ sulle giornate di lavoro per i soci con abbonamento [&hellip;]<\/p>\n","protected":false},"author":2,"featured_media":211,"parent":0,"menu_order":0,"comment_status":"closed","ping_status":"closed","template":"","meta":{"footnotes":""},"class_list":["post-895","page","type-page","status-publish","has-post-thumbnail","hentry"],"_links":{"self":[{"href":"https:\/\/seminterra.ch\/index.php?rest_route=\/wp\/v2\/pages\/895","targetHints":{"allow":["GET"]}}],"collection":[{"href":"https:\/\/seminterra.ch\/index.php?rest_route=\/wp\/v2\/pages"}],"about":[{"href":"https:\/\/seminterra.ch\/index.php?rest_route=\/wp\/v2\/types\/page"}],"author":[{"embeddable":true,"href":"https:\/\/seminterra.ch\/index.php?rest_route=\/wp\/v2\/users\/2"}],"replies":[{"embeddable":true,"href":"https:\/\/seminterra.ch\/index.php?rest_route=%2Fwp%2Fv2%2Fcomments&post=895"}],"version-history":[{"count":14,"href":"https:\/\/seminterra.ch\/index.php?rest_route=\/wp\/v2\/pages\/895\/revisions"}],"predecessor-version":[{"id":3548,"href":"https:\/\/seminterra.ch\/index.php?rest_route=\/wp\/v2\/pages\/895\/revisions\/3548"}],"wp:featuredmedia":[{"embeddable":true,"href":"https:\/\/seminterra.ch\/index.php?rest_route=\/wp\/v2\/media\/211"}],"wp:attachment":[{"href":"https:\/\/seminterra.ch\/index.php?rest_route=%2Fwp%2Fv2%2Fmedia&parent=895"}],"curies":[{"name":"wp","href":"https:\/\/api.w.org\/{rel}","templated":true}]}}

<h3>FAQ sulle giornate di lavoro per i soci con abbonamento</h3>
<p><strong><span class="">Ogni abbonamento stipulato implica un certo numero di giornate di lavoro (suddivise per praticità in mezze giornate) che il socio deve prestare in favore della Cooperativa. In questa pagina sono raccolte alcune domande frequenti sul tema. Le informazioni relative ai lavori sul campo per chi NON ha un abbonamento sono invece raccolte <a href="https://seminterra.ch/?page_id=341">in questa pagina</a>.</span></strong></p>
<p>&nbsp;</p>
<p><strong><span class="">Come mi iscrivo?</span></strong></p>
<p><span class="">L’iscrizione avviene tramite la pagina specifica nel portale dei soci, in cui sono segnalate le giornate di lavoro disponibili. Per accedere <strong><a href="https://soci.seminterra.ch/">al portale</a></strong> puoi diventare socio <strong><a href="https://seminterra.ch/?page_id=710">tramite questo link</a></strong>. Per pianificare al meglio i lavori è importante rispettare i termini di iscrizione (che si chiude tre giorni prima della data in questione) ed è fondamentale annunciare al più presto eventuali assenze.</span></p>
<p><strong><span class="">Come avviene la giornata di lavoro?</span></strong></p>
<p><span class="">Presentandosi al campo all’ora fissata troverai una persona responsabile che ti accoglierà e che ti darà tutte le informazioni necessarie. Non è necessario avere competenze specifiche e potrà essere trovato un’attività adatta ad ogni persona (pf <strong><a href="https://seminterra.ch/?page_id=918">segnalateci</a></strong> eventuali problemi di salute, allergie, ecc.). La mezza giornata di lavoro dura 3.5 ore, l’intera giornata 7, le pause non sono incluse in questo conteggio. Invitiamo a presentarsi sul campo circa 15 minuti prima dell’orario fissato per avere il tempo di prepararsi.</span></p>
<p><strong><span class="">Dove ci si trova?</span></strong></p>
<p><span class="">Se non diversamente specificato, ci troviamo direttamente presso i campi di Seminterra, nella campagna di Gudo, in un’area agricola ben preservata all’interno del Parco del Piano di Magadino. I nostri campi sono situati a 10-15 minuti di cammino dalla Stazione FFS di Sant’Antonino e sono facilmente raggiungibili in bicicletta tramite i percorsi ciclabili del Piano o altre strade agricole.</span></p>
<ul>
<li><a href="https://seminterra.ch/?page_id=8"><span class="">Qui trovi tutte le informazioni per raggiungerci.</span></a></li>
</ul>
<p><strong><span class="">Chi decide che cosa si fa?</span></strong></p>
<p><span class="">Ad ogni giornata di lavoro sarà presente almeno un membro dell’amministrazione della cooperativa che darà indicazioni precise sulle attività da svolgere in base alle esigenze delle colture. Il contributo pratico può avvenire in svariati ambiti: attività sul campo, consegna di ceste di ortaggi, trasformazione di prodotti, lavori organizzativi e burocratici, aiuto all’organizzazione di eventi di vario tipo e altre attività necessarie al buon funzionamento della cooperativa. In primo luogo è però richiesto un sostegno nella produzione e raccolta di ortaggi e altri prodotti vegetali e nella loro distribuzione. Il tipo di attività deve essere concordato e approvato dall’amministrazione. Contattaci se hai idee o esigenze specifiche!</span></p>
<p><strong><span class="">Posso fare più mezze giornate di lavoro rispetto a quanto previsto nel mio abbonamento?</span></strong></p>
<p><span class="">Certo! Fino ad un certo limite (12 giornate totali), ogni giornata di lavoro eseguita potrà servire ad abbassare il costo del tuo abbonamento, queste vanno però annunciate già ad inizio anno. Ogni giornata supplementare dà diritto a CHF 25.- di riduzione sul costo del proprio abbonamento. Sono naturalmente gradite anche giornate di lavoro volontario supplementari. Contattaci per stabilirle. </span></p>
<p><strong><span class="">E se non posso o non voglio venire a lavorare?</span></strong></p>
<p><span class="">Peccato! Pensiamo che le giornate di lavoro siano un momento importante nella vita della Cooperativa. Però sappiamo anche che ognuno può avere ragioni valide per non venire sul campo. Le mezze giornate di lavoro non eseguite ti vengono fatturare 30.- CHF con la prossima fattura.</span></p>
<p><strong><span class="">Le giornate sono cumulative?</span></strong></p>
<p><span class="">Sì, se più persone legate al medesimo abbonamento lavorano nello stesso momento possono cumulare il tempo di lavoro (per es. due persone che lavorano mezza giornata ciascuno per lo stesso abbonamento realizzano insieme una giornata intera). L’unità minima calcolata resta comunque la mezza giornata. </span></p>
<p><strong><span class="">Posso scegliere quando fare le mie giornate?</span></strong></p>
<p><span class="">Per permettere una buona organizzazione del lavoro, cerchiamo di offrire tramite il portale, almeno un giorno alla settimana per svolgere le proprie giornate. Occorre iscriversi alle giornate tramite il proprio account <a href="https://soci.seminterra.ch/"><strong>sul portale soci</strong></a>. I soci devono svolgere almeno la metà del proprio contributo pratico tra maggio e agosto, ovvero durante il periodo più intenso di lavoro. In caso di problemi organizzativi importanti siete pregati di <a href="https://seminterra.ch/?page_id=918"><strong>contattarci</strong></a> per trovare una soluzione alternativa.</span></p>
<p><strong><span class="">È un lavoro duro?</span></strong></p>
<p><span class="">Le giornate di lavoro sono necessarie al buon funzionamento della Cooperativa e per garantire la produzione, per cui è richiesta massima serietà, impegno, senso di responsabilità e rispetto degli orari e delle consegne assegnate. Allo stesso tempo è però importante mantenere un clima piacevole sul campo. Non preoccupatevi: sarà divertente! Ogni persona parteciperà a seconda delle proprie possibilità e capacità.</span></p>
<p><strong><span class="">Devo essere esperto?</span></strong></p>
<p><span class="">Non è necessario avere competenze particolari nel campo orticolo. Occorre però entusiasmo e curiosità, l’idea è che ognuno possa imparare e scambiare esperienze e conoscenze. È richiesto impegno e serietà e il rispetto delle consegne assegnate.</span></p>
<p><strong><span class="">Devo portare i miei attrezzi?</span></strong></p>
<p><span class="">Non è necessario portare i propri attrezzi, abbiamo a disposizione tutto il necessario. Consigliamo – anche per motivi igienici – di portare i propri guanti da lavoro. Vi invitiamo ad avere cura degli attrezzi collettivi e riportarli in magazzino una volta terminato il proprio lavoro. Se ti fa piacere portare i tuoi attrezzi personali però non abbiamo nulla in contrario.</span></p>
<p><strong><span class="">Come mi vesto?</span></strong></p>
<p><span class="">Consigliamo un abbigliamento comodo, che si possa sporcare, e adatto al clima previsto per la giornata.</span></p>
<p><strong><span class="">E se piove?</span></strong></p>
<p><span class="">In linea di massima con tempo grigio e pioggia leggera è comunque possibile lavorare. Se la situazione climatica non dovesse permettere di lavorare (precipitazioni importanti, neve, ecc.), la giornata sarà annullata. Decisione di annullamento sarà comunicata al più presto (e almeno un paio di ore prima dell’inizio dei lavori) via sms ai partecipanti iscritti.</span></p>
<p><strong><span class="">Devo essere assicurato?</span></strong></p>
<p><span class="">Ognuno provvede autonomamente ad assicurarsi per ogni possibile incidente, furto o altro danno legato all’attività di Seminterra. La cooperativa non si assume alcuna responsabilità nei confronti dei soci, dei volontari e dei visitatori.</span></p>
<p><strong><span class="">Altro:</span></strong></p>
<p><span class="">Altre informazioni organizzative generali (riguardanti bambini, pasti, bagni, cani e parcheggi) le trovi nelle nostre FAQ generali che <strong><a href="https://seminterra.ch/?page_id=341">ti invitiamo a leggere qui</a></strong></span><span class="">. Per ogni domanda o richiesta rimaniamo volentieri a disposizione.</span></p>
<p><a href="https://seminterra.ch/wp-content/uploads/2025/03/aa9845ce-d8ad-0fc2-cc73-31556d287d44-scaled.jpg"><img decoding="async" class="aligncenter size-large wp-image-3147" src="https://seminterra.ch/wp-content/uploads/2025/03/aa9845ce-d8ad-0fc2-cc73-31556d287d44-1024x483.jpg" alt="" width="1024" height="483" srcset="https://seminterra.ch/wp-content/uploads/2025/03/aa9845ce-d8ad-0fc2-cc73-31556d287d44-200x94.jpg 200w, https://seminterra.ch/wp-content/uploads/2025/03/aa9845ce-d8ad-0fc2-cc73-31556d287d44-300x142.jpg 300w, https://seminterra.ch/wp-content/uploads/2025/03/aa9845ce-d8ad-0fc2-cc73-31556d287d44-400x189.jpg 400w, https://seminterra.ch/wp-content/uploads/2025/03/aa9845ce-d8ad-0fc2-cc73-31556d287d44-600x283.jpg 600w, https://seminterra.ch/wp-content/uploads/2025/03/aa9845ce-d8ad-0fc2-cc73-31556d287d44-768x362.jpg 768w, https://seminterra.ch/wp-content/uploads/2025/03/aa9845ce-d8ad-0fc2-cc73-31556d287d44-800x378.jpg 800w, https://seminterra.ch/wp-content/uploads/2025/03/aa9845ce-d8ad-0fc2-cc73-31556d287d44-1024x483.jpg 1024w, https://seminterra.ch/wp-content/uploads/2025/03/aa9845ce-d8ad-0fc2-cc73-31556d287d44-1200x566.jpg 1200w, https://seminterra.ch/wp-content/uploads/2025/03/aa9845ce-d8ad-0fc2-cc73-31556d287d44-1536x725.jpg 1536w" sizes="(max-width: 1024px) 100vw, 1024px" /></a></p>
